tors of 140889.
3, 7, 6709
List the prime factors of 6989.
29, 241
What are the prime factors of 1422?
2, 3, 79
What are the prime factors of 5179?
5179
What are the prime factors of 1835?
5, 367
List the prime factors of 582.
2, 3, 97
What are the prime factors of 567?
3, 7
What are the prime factors of 4615?
5, 13, 71
List the prime factors of 21296.
2, 11
What are the prime factors of 2372?
2, 593
List the prime factors of 27217.
17, 1601
List the prime factors of 2443.
7, 349
List the prime factors of 14700.
2, 3, 5, 7
List the prime factors of 12627.
3, 23, 61
List the prime factors of 1396.
2, 349
List the prime factors of 331.
331
List the prime factors of 214.
2, 107
List the prime factors of 65235.
3, 5, 4349
What are the prime factors of 6551?
6551
What are the prime factors of 146?
2, 73
What are the prime factors of 56450?
2, 5, 1129
What are the prime factors of 380?
2, 5, 19
What are the prime factors of 1583?
1583
What are the prime factors of 22010?
2, 5, 31, 71
List the prime factors of 22250.
2, 5, 89
What are the prime factors of 2598?
2, 3, 433
List the prime factors of 1340.
2, 5, 67
What are the prime factors of 1741?
1741
What are the prime factors of 56746?
2, 17, 1669
List the prime factors of 11511.
3, 1279
List the prime factors of 4733.
4733
List the prime factors of 9333.
3, 17, 61
List the prime factors of 33333.
3, 41, 271
What are the prime factors of 6144?
2, 3
What are the prime factors of 1416?
2, 3, 59
List the prime factors of 14782.
2, 19, 389
List the prime factors of 33587.
33587
What are the prime factors of 155?
5, 31
List the prime factors of 418.
2, 11, 19
List the prime factors of 27.
3
List the prime factors of 11048.
2, 1381
List the prime factors of 2608.
2, 163
What are the prime factors of 37001?
163, 227
What are the prime factors of 40398?
2, 3, 6733
List the prime factors of 86437.
13, 61, 109
What are the prime factors of 446?
2, 223
What are the prime factors of 394?
2, 197
List the prime factors of 104432.
2, 61, 107
What are the prime factors of 176?
2, 11
What are the prime factors of 38201?
38201
List the prime factors of 1228.
2, 307
List the prime factors of 806.
2, 13, 31
What are the prime factors of 13239?
3, 1471
What are the prime factors of 6098?
2, 3049
List the prime factors of 5894.
2, 7, 421
List the prime factors of 3224.
2, 13, 31
List the prime factors of 1694.
2, 7, 11
List the prime factors of 1668.
2, 3, 139
What are the prime factors of 3254?
2, 1627
What are the prime factors of 122246?
2, 19, 3217
What are the prime factors of 84229?
84229
List the prime factors of 1330.
2, 5, 7, 19
What are the prime factors of 872?
2, 109
What are the prime factors of 1146?
2, 3, 191
List the prime factors of 248.
2, 31
What are the prime factors of 9933?
3, 7, 11, 43
List the prime factors of 104268.
2, 3, 8689
List the prime factors of 38543.
38543
What are the prime factors of 28092?
2, 3, 2341
List the prime factors of 93944.
2, 11743
List the prime factors of 429.
3, 11, 13
List the prime factors of 776.
2, 97
List the prime factors of 4542.
2, 3, 757
List the prime factors of 46779.
3, 31, 503
List the prime factors of 3246.
2, 3, 541
What are the prime factors of 38?
2, 19
List the prime factors of 9079.
7, 1297
List the prime factors of 49862.
2, 107, 233
List the prime factors of 149294.
2, 17, 4391
List the prime factors of 48427.
79, 613
What are the prime factors of 2657?
2657
List the prime factors of 757.
757
What are the prime factors of 1397?
11, 127
List the prime factors of 53913.
3, 17971
List the prime factors of 1721.
1721
What are the prime factors of 992?
2, 31
What are the prime factors of 404?
2, 101
List the prime factors of 17648.
2, 1103
List the prime factors of 52762.
2, 23, 31, 37
List the prime factors of 63188.
2, 15797
List the prime factors of 769.
769
List the prime factors of 3963.
3, 1321
List the prime factors of 3828.
2, 3, 11, 29
What are the prime factors of 2851?
2851
What are the prime factors of 24528?
2, 3, 7, 73
List the prime factors of 9934.
2, 4967
What are the prime factors of 5919?
3, 1973
List the prime factors of 1472.
2, 23
List the prime factors of 5516.
2, 7, 197
List the prime factors of 20747.
20747
What are the prime factors of 913?
11, 83
List the prime factors of 1955.
5, 17, 23
What are the prime factors of 378?
2, 3, 7
List the prime factors of 23412.
2, 3, 1951
List the prime factors of 361.
19
List the prime factors of 21715.
5, 43, 101
List the prime factors of 151902.
2, 3, 29, 97
What are the prime factors of 9209?
9209
What are the prime factors of 4812?
2, 3, 401
What are the prime factors of 10?
2, 5
List the prime factors of 18666.
2, 3, 17, 61
List the prime factors of 5568.
2, 3, 29
List the prime factors of 1474.
2, 11, 67
List the prime factors of 984.
2, 3, 41
List the prime factors of 17655.
3, 5, 11, 107
List the prime factors of 7707.
3, 7, 367
What are the prime factors of 6516?
2, 3, 181
What are the prime factors of 7589?
7589
List the prime factors of 14350.
2, 5, 7, 41
List the prime factors of 2187.
3
List the prime factors of 141.
3, 47
List the prime factors of 3895.
5, 19, 41
What are the prime factors of 4054?
2, 2027
List the prime factors of 8364.
2, 3, 17, 41
List the prime factors of 3315.
3, 5, 13, 17
What are the prime factors of 31076?
2, 17, 457
List the prime factors of 32291.
7, 659
What are the prime factors of 7580?
2, 5, 379
What are the prime factors of 12997?
41, 317
List the prime factors of 4553.
29, 157
What are the prime factors of 25849?
25849
List the prime factors of 8088.
2, 3, 337
List the prime factors of 39652.
2, 23, 431
List the prime factors of 12493.
13, 31
List the prime factors of 12670.
2, 5, 7, 181
What are the prime factors of 745?
5, 149
What are the prime factors of 8151?
3, 11, 13, 19
List the prime factors of 2343.
3, 11, 71
List the prime factors of 950.
2, 5, 19
What are the prime factors of 36422?
2, 18211
List the prime factors of 12777.
3, 4259
List the prime factors of 10150.
2, 5, 7, 29
List the prime factors of 928.
2, 29
List the prime factors of 2856.
2, 3, 7, 17
List the prime factors of 5851.
5851
What are the prime factors of 1565?
5, 313
List the prime factors of 2198.
2, 7, 157
What are the prime factors of 3204?
2, 3, 89
List the prime factors of 1633.
23, 71
What are the prime factors of 3933?
3, 19, 23
What are the prime factors of 38799?
3, 479
What are the prime factors of 2149?
7, 307
List the prime factors of 75290.
2, 5, 7529
What are the prime factors of 5463?
3, 607
List the prime factors of 776.
2, 97
List the prime factors of 5899.
17, 347
What are the prime factors of 7475?
5, 13, 23
List the prime factors of 4045.
5, 809
What are the prime factors of 1346?
2, 673
List the prime factors of 18403.
7, 11, 239
What are the prime factors of 205?
5, 41
List the prime factors of 6970.
2, 5, 17, 41
List the prime factors of 12596.
2, 47, 67
What are the prime factors of 760?
2, 5, 19
What are the prime factors of 145361?
145361
What are the prime factors of 892?
2, 223
What are the prime factors of 982?
2, 491
What are the prime factors of 1307?
1307
What are the prime factors of 12789?
3, 7, 29
What are the prime factors of 15725?
5, 17, 37
What are the prime factors of 79208?
2, 9901
What are the prime factors of 1161?
3, 43
List the prime factors of 26290.
2, 5, 11, 239
List the prime factors of 16388.
2, 17, 241
What are the prime factors of 518?
2, 7, 37
What are the prime factors of 74644?
2, 18661
List the prime factors of 5344.
2, 167
List the prime factors of 2164.
2, 541
What are the prime factors of 16372?
2, 4093
What are the prime factors of 46122?
2, 3, 7687
What are the prime factors of 6491?
6491
What are the prime factors of 10904?
2, 29, 47
List the prime factors of 11315.
5, 31, 73
What are the prime factors of 130296?
2, 3, 61, 89
What are the prime factors of 4399?
53, 83
List the prime factors of 165916.
2, 41479
List the prime factors of 118469.
13, 701
List the prime factors of 47949.
3, 11, 1453
What are the prime factors of 45444?
2, 3, 7, 541
List the prime factors of 23242.
2, 11621
What are the prime factors of 76609?
13, 71, 83
List the prime factors of 552.
2, 3, 23
What are the prime factors of 